9, -44 = -4*m - 2*h. Let f = m - 10. Suppose -6*v + 12 = -2*v, f*v = -5*w + 41. What is the units digit of w?
7
Let m be 11/2 + 1/2. Suppose 0 = -5*u, -5*d = -m*d - u. Suppose -2*t + 0*t + 58 = d. What is the tens digit of t?
2
Let d(t) = -t**3 + 12*t**2 - 18*t - 13. Suppose -2*q + 12 = 4*x, -3*x - 4 = -x. What is the units digit of d(q)?
7
Let v(p) = -p**3 - 14*p**2 - 2*p + 13. Let j be v(-14). Let s be (-6)/(-8)*4 - 38. Let u = j + s. What is the units digit of u?
6
Suppose -3*m = -15, 9*f + 4*m - 1109 = 6*f. What is the units digit of f?
3
Suppose 2*c + 240 = 6*c. Suppose 0 = -2*j + 3*p - c + 279, -4*p = -j + 122. What is the hundreds digit of j?
1
Suppose 2*o - 3041 = -3*l, 77*l = o + 78*l - 1520. What is the hundreds digit of o?
5
Suppose -7*q + 31731 = 7973. What is the units digit of q?
4
Suppose 0*o = 5*o - 75. Let z be o*8/(-12) - -3. What is the units digit of (-1)/z - 555/(-35)?
6
Let l be (0*(-3)/(-12))/1. Let p be 2/(l + -2) - -4. Suppose 30 = 4*v + p*f, -v = 5*f + 5 - 4. What is the units digit of v?
9
What is the hundreds digit of (-81844)/(-395)*3*10/12?
5
Let s be (1 - (3 - 1)) + 3. Let l be 4*1/s*2. Suppose -3*f = 3*d - 87, l*d + f - 15 = 104. What is the units digit of d?
0
Suppose 0*s - 3*s = 3*i + 6, 2*s = 5*i + 10. What is the units digit of s/4 + 1 - -118?
9
Let b(w) = 102*w - 109. What is the hundreds digit of b(17)?
6
Let m(v) = 6*v - 3. Let a be m(2). Let c = -9 + a. Suppose 1 = -k + 2*j, 0 = 4*k - c*k - j - 17. What is the units digit of k?
5
Let k = -420 - -1956. What is the thousands digit of k?
1
Let s(l) = -l**3 - 7*l**2 - 8*l. Let m be 4/24 + 113/6. Suppose -3*c - m + 1 = 0. What is the units digit of s(c)?
2
Let c = 127 - 42. Let g = -33 + c. Suppose -2*u - 5*s = -g, 5*u - 2*s - 184 = -s. What is the tens digit of u?
3
Let v be 1 - (5 - (294 + 1)). Let j = v - 100. What is the hundreds digit of j?
1
Suppose -1556*u = -1544*u - 34176. What is the tens digit of u?
4
Let s = -9 - 105. Let w = s + 255. What is the units digit of w?
1
Suppose 0 = -2*w - 3*s + 989, w + 996 = 3*w - 4*s. What is the hundreds digit of w?
4
What is the tens digit of (3 + -5)/(-6)*2274?
5
Suppose 6*t = 9*t - 255. Let a(v) = -v**3 - 16*v**2 - 15*v + 3. Let q be a(-15). Suppose -123 = -4*z - 3*i, 3*z = q*i + 2*i + t. What is the tens digit of z?
3
Let l = 141 - -266. Suppose 0 = 2*h - 6*h - 5*c + l, 475 = 5*h - 5*c. What is the tens digit of h?
9
What is the hundreds digit of 1/(-2)*(-2551 - -25)?
2
Let n = 11 + -11. Suppose -5*m + 32 = 3*l, 3*l + 0*l - 3*m = n. Suppose -2*p + 35 = 5*r, l*p + 3*r = p + 57. What is the units digit of p?
0
Let i(d) = -d**2 - 65*d - 26. What is the tens digit of i(-27)?
0
Let h(k) = -k**3 + 13*k**2 + 15*k - 23. Let u be h(14). What is the units digit of (-12)/u - (-213)/9?
5
Suppose 2*t = 10, 4*g + t = 1920 + 1369. What is the tens digit of g?
2
Let z = 1153 - 788. What is the units digit of z?
5
Suppose 12549 = 7*z - 2809. What is the hundreds digit of z?
1
What is the tens digit of 2 - (2912/(-48))/((-2)/(-177))?
7
Let g(h) = 2*h + 250. What is the units digit of g(-15)?
0
What is the units digit of (-12619)/(-21) - (-166)/1743?
1
Let k(z) = z**3 - 15*z**2 + 16*z - 25. Let j be k(14). What is the units digit of j/(2 + -1) - -37?
0
Let s be (-1)/1 + (-76)/(-19). Suppose s*f - 8*f - 714 = -4*p, -3*p + 3*f = -534. What is the hundreds digit of p?
1
Let t = -1265 + 2610. What is the tens digit of t?
4
Let p(q) = 3*q - 1. Let o be p(2). Suppose 3*t - o = 2*t. Suppose -2*k + 0*a = -a - 105, a - 245 = -t*k. What is the units digit of k?
0
Let j(f) = -f + 14. Let r be j(11). Suppose -2*u - 5*g + 19 = 0, 0*g + r*g - 9 = 0. Let a(t) = 9*t**2 + 4*t - 3. What is the units digit of a(u)?
1
Suppose -6 = -100*o + 98*o. Let a = 11 + -8. Suppose 0 = a*f - o - 51. What is the tens digit of f?
1
Suppose -3*z + 0*z = -27. Let k = 108 + z. Suppose 0 = -7*q + k + 142. What is the units digit of q?
7
Let w(q) be the second derivative of q**5/20 + 3*q**4/4 + 5*q**3/6 - 3*q**2/2 - 12*q. Suppose 3*f = 3*x - 4 + 1, -x = -4*f - 16. What is the tens digit of w(x)?
5
Let m = 1083 - 186. What is the units digit of m?
7
Suppose -v - 2*v + f = -5, -5*f = 2*v - 9. Let u(l) = -l - l**2 + 5*l**2 + 11 + l**3 + v*l**2. What is the units digit of u(-5)?
1
Let v = -6 - -12. Let m = -6 + v. What is the units digit of (63 - 1) + (m - -2)?
4
Let d(a) = -2*a**3 + 25*a**2 - 5*a - 13. What is the units digit of d(11)?
5
Let q = 27 + -71. Let n = q - -85. What is the units digit of n?
1
Let l(x) = -2*x**2 - 7*x + 214. What is the units digit of l(0)?
4
Let u(a) = -17 - 23*a - 30 + 8. What is the hundreds digit of u(-9)?
1
Suppose 16*s = -17*s + 21450. What is the tens digit of s?
5
Suppose 0 = -3*t - n + 5939, n - 4179 - 3738 = -4*t. What is the tens digit of t?
7
Let a = 328 - 52. What is the tens digit of a/8*(2 + (-6)/9)?
4
Suppose 4*p - m - 14 = -4*m, 0 = -2*p + m + 2. Suppose -g + 5*g + p*i - 478 = 0, 2*g = -5*i + 235. What is the units digit of g?
0
Suppose -18*i = -25*i + 2422. What is the tens digit of i?
4
Let c(h) = -4*h + 1. Let w be c(-1). Let f(t) = -t**3 + 6*t**2 - 3*t - 3. What is the units digit of f(w)?
7
Let g = -39 - -79. What is the tens digit of -3*(-3)/(9/g)?
4
Suppose 0 = 5*y + 8*y - 2470. Suppose -5*z + 0*z + y = 0. What is the tens digit of z?
3
Suppose 0 = 2*i - 4*i + 1018. What is the tens digit of i?
0
Let w(k) = -8*k - 56. What is the tens digit of w(-26)?
5
What is the thousands digit of (-4)/3 + 32116/21 + -1?
1
Let n(x) = -3*x**2 - 44*x - 10. What is the units digit of n(-8)?
0
Let m be (-243)/(-6)*12/18. Suppose 0 = 2*p + 5*f - m, 5*p + 2*f = 4*p + 12. What is the units digit of p?
6
Let o be 431 - 20/5 - 1. Suppose -3*q + o = 3*q. What is the tens digit of q?
7
What is the units digit of (7396/(-129))/((-3)/9)?
2
Suppose 2 = 3*a - 4*k - 14, 0 = 4*a + 5*k - 11. Suppose -35 = -16*y + 29. Suppose -2 = -s + 5*r, -y*s - a*r = -3*r - 29. What is the units digit of s?
7
Let p = 28 + 482. What is the tens digit of p?
1
What is the hundreds digit of -3 + 11630/5 - -7?
3
Suppose 5*b - 5*k = -0*k + 600, b = 3*k + 118. What is the tens digit of b?
2
Let a = -368 + 588. What is the hundreds digit of a?
2
Suppose g = 1 + 5. Suppose -3*t - t = 4*u - 1424, -717 = -2*u + 3*t. Suppose -f = g*f - u. What is the units digit of f?
1
Let y be (-3 - (-33)/9)/((-1)/(-150)). What is the units digit of (5 - y/15)*-126?
0
Let g(v) = 237*v**2 + 4*v - 4. What is the hundreds digit of g(1)?
2
Suppose -205*h + 1204 = -204*h. What is the units digit of h?
4
Let f be 2*(-3)/(-12)*0. Suppose t = -o - f*o + 8, 11 = 2*t + o. Suppose 0 = -2*a - a + t. What is the units digit of a?
1
Let c(d) = 67*d + 27. What is the units digit of c(23)?
8
Suppose -4*d - 4*t + 2796 = 0, 5*d - 1717 - 1814 = 4*t. What is the units digit of d?
3
Let j = -858 + 1292. What is the units digit of j?
4
Let z = -24 + 23. Suppose 2*l + 2*t - 22 = 2, 5*l = 4*t + 69. Let x = l + z. What is the tens digit of x?
1
Suppose -5*v = -458 - 182. Suppose -v = 37*i - 41*i. What is the tens digit of i?
3
Let u = 133 + 2690. What is the thousands digit of u?
2
What is the thousands digit of -1*(-4 + 0 + 3)*2194?
2
Let y(g) = 452*g**2 - 5*g + 17. What is the hundreds digit of y(2)?
8
Suppose -2*p = 3*z - 2722, 6*z = 3*p + 3*z - 4098. What is the hundreds digit of p?
3
Let k(m) = 2*m + 9. Let s = 57 + -47. What is the tens digit of k(s)?
2
Let w be (-12)/(-6)*226/4. Let k = 399 - w. What is the units digit of k?
6
Let c(r) = 24*r - 11. What is the hundreds digit of c(10)?
2
Let b = -2042 - -2302. What is the hundreds digit of b?
2
Let m(k) = -k**2 + 14*k + 4. Suppose -o = -4 - 6. What is the tens digit of m(o)?
4
Suppose 27*a = -3*a + 69450. What is the hundreds digit of a?
3
Let p be ((-6)/(-4))/((-42)/728). Let l = p + 101. What is the tens digit of l?
7
Let m = -22 - -40. Let p = -110 - -116. Let c = m - p. What is the tens digit of c?
1
Let k(n) be the third derivative of -7*n**6/60 + n**5/60 - n**4/8 - n**3/6 - 4*n**2. What is the hundreds digit of k(-2)?
1
Let h(c) = 6*c + 28. Let i be h(-4). Suppose i*r - 12 = 0, 5*r = 4*w - 440 + 123. What is the units digit of w?
3
What is the tens digit of ((-178)/3)/(2/(-54)*1)?
0
What is the hundreds digit of (531/(-27))/(52/54 + -1)?
5
Suppose 0 =